et u(z) = 4 + 3*z**2 + 0*z**2 - 2*z - 6*z**2 + z**3. What is u(x)?
-2
Let c(m) = m**3 + 3*m**2 - 5*m. Suppose 0 = -w - 3 - 1. Determine c(w).
4
Let q(f) = 7*f**3 - f**2. Suppose -22 = -2*c - 4*z, c - 1 = z - 5. Give q(c).
6
Let v(n) be the first derivative of -n**2 + 4*n + 2. Let c(u) = 5*u**2 - u + 1. Let m be c(1). Let z(l) = l - 4. Let g(j) = m*v(j) + 6*z(j). What is g(-3)?
8
Suppose 2*j + 9 = -3. Let z = j + 6. Let w(i) = i**3 + 3*i**2 - 2*i + 3. Let k(f) = -5*f**3 - 16*f**2 + 11*f - 14. Let s(a) = -2*k(a) - 11*w(a). Calculate s(z).
-5
Let g(n) = 30*n**2 - 23*n**2 + 0*n**3 - 3 - n**3 - 5*n. Let c be -2 - 2*(-10)/4. Suppose z + 2*z - 12 = -c*i, -i + 2*z = -10. What is g(i)?
3
Let o(x) = -x**3 + x - 1. Suppose 0 = -v - 5*i - 7, -5*v + 2*i - 5*i - 13 = 0. Calculate o(v).
5
Suppose -u = 4*u. Let m(b) = 2*b**2 - 4*b + 3. Let r be m(2). Let k(n) = -n + r + u + 3. Calculate k(0).
6
Let u(h) = -3*h**2 + 10*h - 5. Let i(q) = -4*q**2 + 11*q - 6. Let s(o) = -2*i(o) + 3*u(o). Let d = 170 + -164. Calculate s(d).
9
Let y(h) be the second derivative of -h**5/20 + 5*h**4/12 + h**3/3 - 7*h**2/2 - 3*h. Let g = -1 + 18. Suppose 0 = 5*l + i - 9 - g, l = -2*i + 7. What is y(l)?
3
Let h = 137 - 138. Let a(z) = -z. Let c(x) = 4*x + 4*x - 3*x. Let k(v) = a(v) - c(v). What is k(h)?
6
Let j(a) = a**3 + 4*a**2 - 4*a + 4. Let h(q) = -q**3 - 4*q**2 + 4*q + 3. Let n(c) = c. Let s(u) = h(u) - 2*n(u). Let d be s(-4). Determine j(d).
-1
Let u(c) = -2*c**3 + c**3 + 4 - 8 + 5*c**2 - 3*c - c. Let o(p) = p**3 + 7*p**2 - 8*p + 4. Let r be o(-8). Calculate u(r).
-4
Let l be ((3 - 1) + -15)*-1. Let v = l - 16. Let j(m) = m + 2. Calculate j(v).
-1
Suppose -r - s - 11 = 0, -3*s = 2*r - 2*s + 17. Let v(i) = i**3 + 8*i**2 + 9*i + 5. Give v(r).
23
Let v(w) = 15*w**2. Let r(z) = -z**3 + 13*z**2 + 3*z - 40. Let o be r(13). Calculate v(o).
15
Let p(t) = -10 - 13*t**2 - 7*t**2 + 23*t**2 + 10*t - 4*t**2. Determine p(8).
6
Let d(b) = -3*b + 3. Let a(f) = 2*f + 16. Let l be a(-7). What is d(l)?
-3
Let h(f) = 8*f**3 + f. Let l = -18 + 36. Suppose -3*v + l = -0*v. Let d be 4/v*6/(-4). Give h(d).
-9
Let k(c) = c**3 - 4*c**2 + 2*c + 1. Let s = -6 + 8. Suppose -5 = -s*x + 3. Suppose 4*w - 8 = x. What is k(w)?
-2
Let j be ((-9)/(-6))/((-2)/(-8)). Let k(i) = -i**2 - 4 + 2 + 4*i + i - 2. What is k(j)?
-10
Suppose 3*j - j + 26 = 0. Let k = 15 - 21. Let a(n) = 7*n**2 + 3*n - 2. Let x(g) = -15*g**2 - 6*g + 4. Let y(h) = j*a(h) + k*x(h). Determine y(-4).
-2
Let n(h) = -8*h - 1 + 7*h + 8*h**3 + 3*h**2 - 10*h**3. Give n(2).
-7
Let z(g) = 10*g**3 - 13*g**2 - g + 10. Let l(o) = -3*o**3 + 4*o**2 - 3. Let s(a) = 7*l(a) + 2*z(a). Suppose 0 = -4*m + 26 - 18. Give s(m).
-5
Let j(i) be the first derivative of i**2/2 + 12. Give j(-3).
-3
Let z(l) = -2*l - 1. Suppose y - 3*y = -8. Determine z(y).
-9
Suppose j + j - 36 = 0. Suppose -3*g = -6*g + j. Let x(a) = a + 2. Give x(g).
8
Let t(d) be the second derivative of 1/12*d**4 + 0 + 7/2*d**2 + d + 1/6*d**3. Let b(g) = -g**2 + 4*g - 3. Let q be b(3). Give t(q).
7
Let i = -33 + 31. Let v(u) = -12*u - 2. What is v(i)?
22
Let y(o) = -o**3 - 5*o**2 + 6. Let t be (-6)/(6 - 4 - 1). Let g be 6/t + 4/(-1). Determine y(g).
6
Let o(q) = q**3 - 5*q**2 + 3*q. Suppose 15 = 2*v + 2*v + 5*i, 0 = 5*v - 4*i - 29. Let r(x) = 3*x + 2 + v - 2*x. Let j be r(-3). Give o(j).
-4
Let u(m) = -3*m + 2. Let l be u(2). Let h(o) = -o - 1. Let c(z) = -z**2 - 3*z - 3. Let s(p) = c(p) + 3*h(p). Determine s(l).
2
Let z(q) be the second derivative of -q**4/12 + q**3/3 - q**2/2 - 7*q. Give z(1).
0
Let l(x) be the first derivative of 3*x**2/2 - x + 18. Give l(-1).
-4
Let u be ((-6)/4)/(8/(-80)). Suppose 5*v - u = -10. Let q(s) = 5*s + 1. Determine q(v).
6
Let p(q) be the first derivative of -q**4/4 - q**3/3 + q**2 + q + 2. Suppose 4*c = -3*v - v - 4, -2 = 3*v + 4*c. Give p(v).
1
Let b(w) = -w**2 + 3*w + 5. Let f be b(-2). Let j(v) = v + 5. What is j(f)?
0
Let v(q) = q - 6. Let z be v(4). Suppose -4*f + 11 = 3. Let b(x) = x**3 - 6*x**3 + 6*x**3 + x**f + x. Determine b(z).
-6
Let a(f) = f + 10. Suppose 4*z = -62 + 26. Give a(z).
1
Let g(a) = -a + 7. Let u be g(4). Let n = u - 8. Let q(s) = -s**3 - 5*s**2 + s + 5. Give q(n).
0
Suppose -4*n = 4*a, a = 3*a - 2. Let y(p) be the third derivative of -7*p**4/24 - 3*p**2. Calculate y(n).
7
Let r(q) = -q**2 + 5*q + 7. Let l(u) = 4 + 2*u - 2*u**3 + 5*u + u**3 - 6*u**2. Let d be l(-7). Suppose 2*s - d*g = 10, 3*s + 0*g - 15 = -2*g. What is r(s)?
7
Let b(n) = -3*n - 6. Let r be b(-4). Let z(j) = -j - 2. Let d be z(-6). Let u(a) = -a + 0 + r - d. Calculate u(5).
-3
Suppose 3*g = 14 + 1. Let p = 10 - g. Let w(x) = x**3 - 4*x**2 - 6*x + 1. Determine w(p).
-4
Suppose 1 - 3 = -t. Suppose -g = t*f - 2 - 0, f = 4*g + 28. Let h(i) = -i - 4. Calculate h(g).
2
Let p = -3 + 6. Let x(z) = z**2 - 7*z + 4. Let w(a) = -2*a**2 + 13*a - 8. Let v(u) = 3*w(u) + 5*x(u). Calculate v(p).
-1
Suppose -4*p - 16 = 0, -4 = 5*j - 2*p - 22. Let w(t) = -t - j*t - 2*t + 4*t + 3. Determine w(3).
0
Let k(w) be the first derivative of -3*w**2 - 1/3*w**3 + 6 - w. Determine k(-6).
-1
Let y(v) be the third derivative of -v**4/4 - v**3/3 - 6*v**2. Calculate y(3).
-20
Suppose 0 = 2*q - q. Let o(l) be the third derivative of 0 - 1/24*l**4 + q*l - l**2 - 5/6*l**3. Determine o(0).
-5
Let f(c) = c**2 + 3*c - 2. Let r be 5/(-2)*(-8)/5. Suppose 0 = r*b - b + 15. Give f(b).
8
Let g be (-6)/4*(-16)/12. Let v = g - 3. Let n(k) = 0*k**2 - 2*k**2 + 3*k**2 - k. Give n(v).
2
Let s = -8 - -5. Let o be (2/(-2 + 1))/(-2). Let z(x) = o - 4*x - 4*x**2 + 0*x**2 + 2*x**2. Give z(s).
-5
Let d = 0 + 50. Suppose 0*t - 5*t = -d. Let m be ((-8)/t)/((-3)/(-15)). Let r(q) = -q**3 - 4*q**2 + 5. Calculate r(m).
5
Let d(j) = j**3 - 2*j**2 - 4*j + 3. Let y be d(3). Suppose 0 = 3*s + 15, 5*s = -5*a - 15 - y. Let f be 0/1 - a - -4. Let x(c) = 3*c - 1. Give x(f).
5
Let i(k) = -k**2 - 2. Let c(b) = -13*b**2 - 2*b + 5. Let w(n) = -c(n) - 3*i(n). Determine w(-1).
15
Let m = -21 + 85/4. Let z(h) be the first derivative of m*h**4 + 2*h**2 + 1 + h - 4/3*h**3. Calculate z(3).
4
Let l(m) = m**2 + 7*m + 4. Let p be l(-6). Let z(h) = h**3 + h**2 - h - 2. Determine z(p).
-4
Let t(c) = -c**3 - 2*c**2 + 3*c. Suppose -k - 3*k = 2*p + 4, 0 = 2*k - 3*p + 18. Determine t(k).
0
Let i(c) = -c**2 + c + 1. Let r = 25 + -22. Calculate i(r).
-5
Suppose 2 = -5*z + 22. Let l(o) = 4*o - 3. Give l(z).
13
Let l = 5 + 0. Let p(r) = r**3 + l*r**2 - 2*r - 2*r**2 - 4*r**2. Calculate p(-2).
-8
Let b(z) be the first derivative of -z**4/4 - z**3 - z**2 - 4*z + 22. Calculate b(-3).
2
Let u(v) be the third derivative of -7*v**2 - 1/12*v**4 + 0 + 0*v + 0*v**3. Suppose 2*z + 2 = 2*w + 4, -z + 1 = 4*w. Determine u(z).
-2
Suppose v - z = -3*z - 3, -3 = z. Let m(t) be the second derivative of -t**4/6 + 2*t**3/3 - t**2/2 - 2*t. Calculate m(v).
-7
Let k(i) = 3*i**2 + 5*i + 3. Let y be k(-2). Let m(t) = -t**2 + 4*t - 3. Give m(y).
-8
Let a = 122 + -128. Let o(j) = -2*j + 7. Determine o(a).
19
Let m(c) = 2 + 0 - 1 - c**2. Suppose -2*d = -g - 5, -5*g + d - 5*d = -45. Let n = g + -6. Give m(n).
0
Let k be 8/(-28) - (-36)/28. Let p(v) = -2*v**2 - 2*v + 1. Calculate p(k).
-3
Let u(x) = x**2 - 5*x + 3. Let d(w) = -2*w. Let s be d(-5). Suppose s = 5*b + 5*o, 4*b - o - 2*o = 29. Suppose -b*i = -i - 20. What is u(i)?
3
Let o(v) be the second derivative of 1/4*v**5 + 0*v**2 + 5*v + 1/6*v**3 - 1/6*v**4 + 0. What is o(1)?
4
Let p(r) = 2*r + 19. Let o(x) = -3*x - 29. Let z(q) = -5*o(q) - 8*p(q). What is z(-5)?
-2
Suppose 7*i - 4*i = -12. Let k(w) = -w - 10. Let c(f) = 4. Let q(l) = 9. Let t(n) = 7*c(n) - 3*q(n). Let p(v) = -k(v) - 6*t(v). Determine p(i).
0
Let s(d) = -d**3 - 8*d**2 + d + 17. Let q(w) = -4*w**2 + 9. Let p(y) = -5*q(y) + 3*s(y). Let j(l) = l**3 - l**2 - l. Let v(m) = -2*j(m) - p(m). What is v(-6)?
0
Let i(k) = -3*k**3 - k**2 + k - 1. Suppose 0 = 3*p + 3 - 6. Calculate i(p).
-4
Let c(l) = l**2 + 2*l - 1. Suppose 0 = -4*a - 0 + 4. Let w be 10*a + 12/(-6). Suppose -23 = 5*v - w. Calculate c(v).
2
Let g be (-2)/(2/(-5)) + 0. Let x(n) = -g*n**3 + 1 + 7*n**3 + n**3. Calculate x(-1).
-2
Let g(u) be the first derivative of -u**4/12 + u**3/3 - 8*u - 3. Let w(k) be the first derivative of g(k). Give w(-2).
-8
Suppose -3*s = -4*p + 17, 3*s = p - 6 - 5. Let m(x) = 0 - x - x**3 - 2*x**2 + 